[INFO] cloning repository https://github.com/Decending/E7020E_tasks
[INFO] running `Command { std: "git" "-c" "credential.helper=" "-c" "credential.helper=/workspace/cargo-home/bin/git-credential-null" "clone" "--bare" "https://github.com/Decending/E7020E_tasks" "/workspace/cache/git-repos/https%3A%2F%2Fgithub.com%2FDecending%2FE7020E_tasks", kill_on_drop: false }`
[INFO] [stderr] Cloning into bare repository '/workspace/cache/git-repos/https%3A%2F%2Fgithub.com%2FDecending%2FE7020E_tasks'...
[INFO] running `Command { std: "git" "rev-parse" "HEAD", kill_on_drop: false }`
[INFO] [stdout] f2dcf6bcbe05895f4291bd029baabf59300d45ae
[INFO] checking Decending/E7020E_tasks against master#9610dfe5a9a731ced1ea4923ecbd0c57fe367898 for beta-170-4
[INFO] running `Command { std: "git" "clone" "/workspace/cache/git-repos/https%3A%2F%2Fgithub.com%2FDecending%2FE7020E_tasks" "/workspace/builds/worker-6-tc1/source", kill_on_drop: false }`
[INFO] [stderr] Cloning into '/workspace/builds/worker-6-tc1/source'...
[INFO] [stderr] done.
[INFO] validating manifest of git repo https://github.com/Decending/E7020E_tasks on toolchain 9610dfe5a9a731ced1ea4923ecbd0c57fe367898
[INFO] running `Command { std: CARGO_HOME="/workspace/cargo-home" RUSTUP_HOME="/workspace/rustup-home" "/workspace/cargo-home/bin/cargo" "+9610dfe5a9a731ced1ea4923ecbd0c57fe367898" "metadata" "--manifest-path" "Cargo.toml" "--no-deps", kill_on_drop: false }`
[INFO] started tweaking git repo https://github.com/Decending/E7020E_tasks
[INFO] finished tweaking git repo https://github.com/Decending/E7020E_tasks
[INFO] tweaked toml for git repo https://github.com/Decending/E7020E_tasks written to /workspace/builds/worker-6-tc1/source/Cargo.toml
[INFO] crate git repo https://github.com/Decending/E7020E_tasks already has a lockfile, it will not be regenerated
[INFO] running `Command { std: CARGO_HOME="/workspace/cargo-home" RUSTUP_HOME="/workspace/rustup-home" "/workspace/cargo-home/bin/cargo" "+9610dfe5a9a731ced1ea4923ecbd0c57fe367898" "fetch" "--manifest-path" "Cargo.toml", kill_on_drop: false }`
[INFO] [stderr]     Updating crates.io index
[INFO] [stderr]  Downloading crates ...
[INFO] [stderr]   Downloaded as-slice v0.1.4
[INFO] [stderr]   Downloaded cortex-m-semihosting v0.3.7
[INFO] [stderr]   Downloaded cortex-m-rtic-macros v0.5.2
[INFO] [stderr]   Downloaded cortex-m-rtic v0.5.5
[INFO] [stderr]   Downloaded rtic-syntax v0.4.0
[INFO] [stderr]   Downloaded stm32f4xx-hal v0.8.3
[INFO] [stderr]   Downloaded usb-device v0.2.7
[INFO] [stderr]   Downloaded synopsys-usb-otg v0.1.0
[INFO] [stderr]   Downloaded cortex-m v0.7.1
[INFO] [stderr]   Downloaded aligned v0.3.4
[INFO] [stderr]   Downloaded panic-semihosting v0.5.6
[INFO] [stderr]   Downloaded rtt-target v0.2.2
[INFO] [stderr]   Downloaded embedded-hal v0.2.4
[INFO] [stderr]   Downloaded rtt-target v0.3.0
[INFO] [stderr]   Downloaded cortex-m-rt v0.6.13
[INFO] [stderr]   Downloaded panic-rtt-target v0.1.1
[INFO] [stderr]   Downloaded rtic-core v0.3.1
[INFO] [stderr]   Downloaded panic-itm v0.4.2
[INFO] [stderr]   Downloaded heapless v0.5.6
[INFO] [stderr]   Downloaded ufmt-write v0.1.0
[INFO] [stderr]   Downloaded stm32ral v0.3.1
[INFO] [stderr]   Downloaded stm32f4 v0.11.0
[INFO] [stderr]   Downloaded stm32f4 v0.13.0
[INFO] running `Command { std: "docker" "create" "-v" "/var/lib/crater-agent-workspace/builds/worker-6-tc1/target:/opt/rustwide/target:rw,Z" "-v" "/var/lib/crater-agent-workspace/builds/worker-6-tc1/source:/opt/rustwide/workdir:ro,Z" "-v" "/var/lib/crater-agent-workspace/cargo-home:/opt/rustwide/cargo-home:ro,Z" "-v" "/var/lib/crater-agent-workspace/rustup-home:/opt/rustwide/rustup-home:ro,Z" "-e" "SOURCE_DIR=/opt/rustwide/workdir" "-e" "CARGO_TARGET_DIR=/opt/rustwide/target" "-e" "CARGO_HOME=/opt/rustwide/cargo-home" "-e" "RUSTUP_HOME=/opt/rustwide/rustup-home" "-w" "/opt/rustwide/workdir" "-m" "1610612736" "--user" "0:0" "--network" "none" "ghcr.io/rust-lang/crates-build-env/linux@sha256:19e73879b68f455e41552ea35293514db52ea292d993f571636dbffedb77a1ee" "/opt/rustwide/cargo-home/bin/cargo" "+9610dfe5a9a731ced1ea4923ecbd0c57fe367898" "metadata" "--no-deps" "--format-version=1", kill_on_drop: false }`
[INFO] [stdout] 6ffd32cb918ea543cabb013f1e362c8cbf697da6b110140446a0c9919db1fd02
[INFO] running `Command { std: "docker" "start" "-a" "6ffd32cb918ea543cabb013f1e362c8cbf697da6b110140446a0c9919db1fd02", kill_on_drop: false }`
[INFO] running `Command { std: "docker" "inspect" "6ffd32cb918ea543cabb013f1e362c8cbf697da6b110140446a0c9919db1fd02", kill_on_drop: false }`
[INFO] running `Command { std: "docker" "rm" "-f" "6ffd32cb918ea543cabb013f1e362c8cbf697da6b110140446a0c9919db1fd02", kill_on_drop: false }`
[INFO] [stdout] 6ffd32cb918ea543cabb013f1e362c8cbf697da6b110140446a0c9919db1fd02
[INFO] running `Command { std: "docker" "create" "-v" "/var/lib/crater-agent-workspace/builds/worker-6-tc1/target:/opt/rustwide/target:rw,Z" "-v" "/var/lib/crater-agent-workspace/builds/worker-6-tc1/source:/opt/rustwide/workdir:ro,Z" "-v" "/var/lib/crater-agent-workspace/cargo-home:/opt/rustwide/cargo-home:ro,Z" "-v" "/var/lib/crater-agent-workspace/rustup-home:/opt/rustwide/rustup-home:ro,Z" "-e" "SOURCE_DIR=/opt/rustwide/workdir" "-e" "CARGO_TARGET_DIR=/opt/rustwide/target" "-e" "CARGO_INCREMENTAL=0" "-e" "RUST_BACKTRACE=full" "-e" "RUSTFLAGS=--cap-lints=forbid" "-e" "RUSTDOCFLAGS=--cap-lints=forbid" "-e" "CARGO_HOME=/opt/rustwide/cargo-home" "-e" "RUSTUP_HOME=/opt/rustwide/rustup-home" "-w" "/opt/rustwide/workdir" "-m" "1610612736" "--user" "0:0" "--network" "none" "ghcr.io/rust-lang/crates-build-env/linux@sha256:19e73879b68f455e41552ea35293514db52ea292d993f571636dbffedb77a1ee" "/opt/rustwide/cargo-home/bin/cargo" "+9610dfe5a9a731ced1ea4923ecbd0c57fe367898" "check" "--frozen" "--all" "--all-targets" "--message-format=json", kill_on_drop: false }`
[INFO] [stdout] a5a3c6ba1f4c103124e3b624c580a5666eb8eca76f590ede9660abd960ecdf14
[INFO] running `Command { std: "docker" "start" "-a" "a5a3c6ba1f4c103124e3b624c580a5666eb8eca76f590ede9660abd960ecdf14", kill_on_drop: false }`
[INFO] [stderr]    Compiling cortex-m v0.7.1
[INFO] [stderr]    Compiling typenum v1.12.0
[INFO] [stderr]    Compiling version_check v0.9.2
[INFO] [stderr]     Checking nb v1.0.0
[INFO] [stderr]     Checking void v1.0.2
[INFO] [stderr]     Checking vcell v0.1.3
[INFO] [stderr]     Checking bitfield v0.13.2
[INFO] [stderr]     Checking stable_deref_trait v1.2.0
[INFO] [stderr]    Compiling syn v1.0.60
[INFO] [stderr]    Compiling cortex-m v0.6.7
[INFO] [stderr]    Compiling cortex-m-rt v0.6.13
[INFO] [stderr]     Checking r0 v0.2.2
[INFO] [stderr]    Compiling indexmap v1.6.1
[INFO] [stderr]    Compiling stm32ral v0.3.1
[INFO] [stderr]    Compiling bare-metal v0.2.5
[INFO] [stderr]    Compiling quote v1.0.9
[INFO] [stderr]     Checking nb v0.1.3
[INFO] [stderr]    Compiling hashbrown v0.9.1
[INFO] [stderr]    Compiling cast v0.2.3
[INFO] [stderr]     Checking embedded-hal v0.2.4
[INFO] [stderr]     Checking volatile-register v0.2.0
[INFO] [stderr]     Checking ufmt-write v0.1.0
[INFO] [stderr]    Compiling cortex-m-semihosting v0.3.7
[INFO] [stderr]    Compiling heapless v0.5.6
[INFO] [stderr]    Compiling synopsys-usb-otg v0.1.0
[INFO] [stderr]    Compiling stm32f4 v0.11.0
[INFO] [stderr]     Checking byteorder v1.4.2
[INFO] [stderr]     Checking usb-device v0.2.7
[INFO] [stderr]    Compiling stm32f4 v0.13.0
[INFO] [stderr]     Checking rtt-target v0.2.2
[INFO] [stderr]     Checking rand_core v0.5.1
[INFO] [stderr]    Compiling generic-array v0.14.4
[INFO] [stderr]    Compiling cortex-m-rtic v0.5.5
[INFO] [stderr]    Compiling app v0.1.0 (/opt/rustwide/workdir)
[INFO] [stderr]     Checking hash32 v0.1.1
[INFO] [stderr]     Checking rtic-core v0.3.1
[INFO] [stderr]     Checking panic-halt v0.2.0
[INFO] [stderr]     Checking panic-itm v0.4.2
[INFO] [stderr]     Checking panic-semihosting v0.5.6
[INFO] [stderr]     Checking generic-array v0.13.2
[INFO] [stderr]     Checking generic-array v0.12.3
[INFO] [stderr]     Checking as-slice v0.1.4
[INFO] [stderr]     Checking aligned v0.3.4
[INFO] [stderr]     Checking panic-rtt-target v0.1.1
[INFO] [stderr]     Checking rtt-target v0.3.0
[INFO] [stderr]    Compiling rtic-syntax v0.4.0
[INFO] [stderr]    Compiling cortex-m-rt-macros v0.1.8
[INFO] [stderr]    Compiling cortex-m-rtic-macros v0.5.2
[INFO] [stderr]     Checking stm32f4xx-hal v0.8.3
[INFO] [stdout] error[E0432]: unresolved import `rtic::cyccnt`
[INFO] [stdout]   --> examples/rtic_bare3.rs:15:11
[INFO] [stdout]    |
[INFO] [stdout] 15 | use rtic::cyccnt::Instant;
[INFO] [stdout]    |           ^^^^^^ could not find `cyccnt` in `rtic`
[INFO] [stdout] 
[INFO] [stdout] 
[INFO] [stdout] error: declaration of a `no_mangle` function
[INFO] [stdout]   --> examples/rtt-timing.rs:46:1
[INFO] [stdout]    |
[INFO] [stdout] 46 | #[no_mangle]
[INFO] [stdout]    | ^^^^^^^^^^^^
[INFO] [stdout]    |
[INFO] [stdout]    = note: the linker's behavior with multiple libraries exporting duplicate symbol names is undefined and Rust cannot provide guarantees when you manually override them
[INFO] [stdout] note: the lint level is defined here
[INFO] [stdout]   --> examples/rtt-timing.rs:4:9
[INFO] [stdout]    |
[INFO] [stdout] 4  | #![deny(unsafe_code)]
[INFO] [stdout]    |         ^^^^^^^^^^^
[INFO] [stdout] 
[INFO] [stdout] 
[INFO] [stdout] error: language item required, but not found: `eh_personality`
[INFO] [stdout]   |
[INFO] [stdout]   = note: this can occur when a binary crate with `#![no_std]` is compiled for a target where `eh_personality` is defined in the standard library
[INFO] [stdout]   = help: you may be able to compile for a target that doesn't need `eh_personality`, specify a target with `--target` or in `.cargo/config`
[INFO] [stdout] 
[INFO] [stdout] 
[INFO] [stdout] error: aborting due to 2 previous errors
[INFO] [stdout] 
[INFO] [stdout] 
[INFO] [stdout] error[E0432]: unresolved import `rtic::cyccnt`
[INFO] [stdout]   --> examples/rtic_bare7.rs:12:11
[INFO] [stdout]    |
[INFO] [stdout] 12 | use rtic::cyccnt::{Instant, U32Ext as _};
[INFO] [stdout]    |           ^^^^^^ could not find `cyccnt` in `rtic`
[INFO] [stdout] 
[INFO] [stdout] 
[INFO] [stdout] error: language item required, but not found: `eh_personality`
[INFO] [stdout]   |
[INFO] [stdout]   = note: this can occur when a binary crate with `#![no_std]` is compiled for a target where `eh_personality` is defined in the standard library
[INFO] [stdout]   = help: you may be able to compile for a target that doesn't need `eh_personality`, specify a target with `--target` or in `.cargo/config`
[INFO] [stdout] 
[INFO] [stdout] 
[INFO] [stdout] error: aborting due to previous error
[INFO] [stdout] 
[INFO] [stdout] 
[INFO] [stdout] error[E0152]: duplicate lang item in crate `panic_rtt_target`: `panic_impl`.
[INFO] [stdout]   |
[INFO] [stdout]   = note: the lang item is first defined in crate `std` (which `panic_semihosting` depends on)
[INFO] [stdout]   = note: first definition in `std` loaded from /opt/rustwide/rustup-home/toolchains/9610dfe5a9a731ced1ea4923ecbd0c57fe367898/lib/rustlib/x86_64-unknown-linux-gnu/lib/libstd-a8a9ba95b1228749.rlib
[INFO] [stdout]   = note: second definition in `panic_rtt_target` loaded from /opt/rustwide/target/debug/deps/libpanic_rtt_target-22befc5754561a90.rmeta
[INFO] [stdout] 
[INFO] [stdout] 
[INFO] [stdout] error[E0152]: duplicate lang item in crate `panic_halt`: `panic_impl`.
[INFO] [stdout]   |
[INFO] [stdout]   = note: the lang item is first defined in crate `panic_rtt_target`.
[INFO] [stdout]   = note: first definition in `panic_rtt_target` loaded from /opt/rustwide/target/debug/deps/libpanic_rtt_target-22befc5754561a90.rmeta
[INFO] [stdout]   = note: second definition in `panic_halt` loaded from /opt/rustwide/target/debug/deps/libpanic_halt-8d13cfabb130199a.rmeta
[INFO] [stdout] 
[INFO] [stdout] 
[INFO] [stderr] error: could not compile `app` (example "rtt-timing") due to 3 previous errors
[INFO] [stderr] warning: build failed, waiting for other jobs to finish...
[INFO] [stdout] error[E0432]: unresolved import `rtic::cyccnt`
[INFO] [stdout]   --> examples/rtic_blinky.rs:18:11
[INFO] [stdout]    |
[INFO] [stdout] 18 | use rtic::cyccnt::{Instant, U32Ext as _};
[INFO] [stdout]    |           ^^^^^^ could not find `cyccnt` in `rtic`
[INFO] [stdout] 
[INFO] [stdout] 
[INFO] [stdout] error: aborting due to 3 previous errors
[INFO] [stdout] 
[INFO] [stdout] 
[INFO] [stdout] Some errors have detailed explanations: E0152, E0432.
[INFO] [stdout] 
[INFO] [stdout] For more information about an error, try `rustc --explain E0152`.
[INFO] [stdout] 
[INFO] [stderr] error: could not compile `app` (example "rtic_hello") due to 2 previous errors
[INFO] [stdout] error[E0432]: unresolved import `rtic::cyccnt`
[INFO] [stdout]   --> examples/rtt_rtic_usb_mouse.rs:12:11
[INFO] [stdout]    |
[INFO] [stdout] 12 | use rtic::cyccnt::{Instant, U32Ext as _};
[INFO] [stdout]    |           ^^^^^^ could not find `cyccnt` in `rtic`
[INFO] [stdout] 
[INFO] [stdout] 
[INFO] [stdout] warning: unused imports: `Output`, `PushPull`, `gpioa::PA`
[INFO] [stdout]   --> examples/rtic_bare8.rs:17:12
[INFO] [stdout]    |
[INFO] [stdout] 17 |     gpio::{gpioa::PA, Output, PushPull},
[INFO] [stdout]    |            ^^^^^^^^^  ^^^^^^  ^^^^^^^^
[INFO] [stdout]    |
[INFO] [stdout]    = note: `#[warn(unused_imports)]` on by default
[INFO] [stdout] 
[INFO] [stdout] 
[INFO] [stdout] error: language item required, but not found: `eh_personality`
[INFO] [stdout]   |
[INFO] [stdout]   = note: this can occur when a binary crate with `#![no_std]` is compiled for a target where `eh_personality` is defined in the standard library
[INFO] [stdout]   = help: you may be able to compile for a target that doesn't need `eh_personality`, specify a target with `--target` or in `.cargo/config`
[INFO] [stdout] 
[INFO] [stdout] 
[INFO] [stdout] error[E0432]: unresolved import `rtic::cyccnt`
[INFO] [stdout]   --> examples/rtic_bare6.rs:14:11
[INFO] [stdout]    |
[INFO] [stdout] 14 | use rtic::cyccnt::{Instant, U32Ext as _};
[INFO] [stdout]    |           ^^^^^^ could not find `cyccnt` in `rtic`
[INFO] [stdout] 
[INFO] [stdout] 
[INFO] [stdout] error: aborting due to previous error
[INFO] [stdout] 
[INFO] [stdout] 
[INFO] [stderr] error: could not compile `app` (example "rtic_bare3") due to 4 previous errors
[INFO] [stdout] error: language item required, but not found: `eh_personality`
[INFO] [stdout]   |
[INFO] [stdout]   = note: this can occur when a binary crate with `#![no_std]` is compiled for a target where `eh_personality` is defined in the standard library
[INFO] [stdout]   = help: you may be able to compile for a target that doesn't need `eh_personality`, specify a target with `--target` or in `.cargo/config`
[INFO] [stdout] 
[INFO] [stdout] 
[INFO] [stdout] error: language item required, but not found: `eh_personality`
[INFO] [stdout]   |
[INFO] [stdout]   = note: this can occur when a binary crate with `#![no_std]` is compiled for a target where `eh_personality` is defined in the standard library
[INFO] [stdout]   = help: you may be able to compile for a target that doesn't need `eh_personality`, specify a target with `--target` or in `.cargo/config`
[INFO] [stdout] 
[INFO] [stdout] 
[INFO] [stdout] error[E0432]: unresolved import `rtic::cyccnt`
[INFO] [stdout]  --> examples/rtt_rtic_blinky.rs:8:11
[INFO] [stdout]   |
[INFO] [stdout] 8 | use rtic::cyccnt::{Instant, U32Ext as _};
[INFO] [stdout]   |           ^^^^^^ could not find `cyccnt` in `rtic`
[INFO] [stdout] 
[INFO] [stdout] 
[INFO] [stdout] error: aborting due to previous error
[INFO] [stdout] 
[INFO] [stdout] 
[INFO] [stdout] error: aborting due to previous error; 1 warning emitted
[INFO] [stdout] 
[INFO] [stdout] 
[INFO] [stdout] error[E0432]: unresolved import `rtic::cyccnt`
[INFO] [stdout]  --> examples/pmw3389.rs:9:11
[INFO] [stdout]   |
[INFO] [stdout] 9 | use rtic::cyccnt::{Instant, U32Ext as _};
[INFO] [stdout]   |           ^^^^^^ could not find `cyccnt` in `rtic`
[INFO] [stdout] 
[INFO] [stdout] 
[INFO] [stderr] error: could not compile `app` (example "rtt_rtic_hello") due to 2 previous errors
[INFO] [stderr] error: could not compile `app` (example "rtt-pwm") due to 2 previous errors
[INFO] [stderr] error: could not compile `app` (example "rtic_bare8") due to 2 previous errors; 1 warning emitted
[INFO] [stdout] error[E0433]: failed to resolve: use of undeclared crate or module `usbd_hid`
[INFO] [stdout]   --> examples/Project_Mouse.rs:21:5
[INFO] [stdout]    |
[INFO] [stdout] 21 | use usbd_hid::{
[INFO] [stdout]    |     ^^^^^^^^ use of undeclared crate or module `usbd_hid`
[INFO] [stdout] 
[INFO] [stdout] 
[INFO] [stdout] error[E0433]: failed to resolve: use of undeclared crate or module `usbd_hid`
[INFO] [stdout]   --> examples/Project_Mouse.rs:26:5
[INFO] [stdout]    |
[INFO] [stdout] 26 | use usbd_hid::descriptor::SerializedDescriptor;
[INFO] [stdout]    |     ^^^^^^^^ use of undeclared crate or module `usbd_hid`
[INFO] [stdout] 
[INFO] [stdout] 
[INFO] [stdout] error[E0433]: failed to resolve: use of undeclared crate or module `usbd_hid`
[INFO] [stdout]   --> examples/Project_Mouse.rs:27:5
[INFO] [stdout]    |
[INFO] [stdout] 27 | use usbd_hid::descriptor::AsInputReport;
[INFO] [stdout]    |     ^^^^^^^^ use of undeclared crate or module `usbd_hid`
[INFO] [stdout] 
[INFO] [stdout] 
[INFO] [stdout] error[E0433]: failed to resolve: use of undeclared crate or module `usbd_hid`
[INFO] [stdout]   --> examples/Project_Mouse.rs:28:5
[INFO] [stdout]    |
[INFO] [stdout] 28 | use usbd_hid::descriptor::gen_hid_descriptor;
[INFO] [stdout]    |     ^^^^^^^^ use of undeclared crate or module `usbd_hid`
[INFO] [stdout] 
[INFO] [stdout] 
[INFO] [stdout] error[E0432]: unresolved imports `rtic::cyccnt`, `usbd_hid::descriptor::MouseReport`, `usbd_hid::hid_class::HIDClass`, `usbd_hid::descriptor::SerializedDescriptor`, `usbd_hid::descriptor::AsInputReport`, `usbd_hid::descriptor::gen_hid_descriptor`
[INFO] [stdout]   --> examples/Project_Mouse.rs:22:40
[INFO] [stdout]    |
[INFO] [stdout] 22 |     descriptor::{generator_prelude::*, MouseReport},
[INFO] [stdout]    |                                        ^^^^^^^^^^^
[INFO] [stdout] 23 |     hid_class::HIDClass
[INFO] [stdout]    |     ^^^^^^^^^^^^^^^^^^^
[INFO] [stdout] ...
[INFO] [stdout] 26 | use usbd_hid::descriptor::SerializedDescriptor;
[INFO] [stdout]    |     ^^^^^^^^^^^^^^^^^^^^^^^^^^^^^^^^^^^^^^^^^^
[INFO] [stdout] 27 | use usbd_hid::descriptor::AsInputReport;
[INFO] [stdout]    |     ^^^^^^^^^^^^^^^^^^^^^^^^^^^^^^^^^^^
[INFO] [stdout] 28 | use usbd_hid::descriptor::gen_hid_descriptor;
[INFO] [stdout]    |     ^^^^^^^^^^^^^^^^^^^^^^^^^^^^^^^^^^^^^^^^
[INFO] [stdout] ...
[INFO] [stdout] 56 | use rtic::cyccnt::{Instant, U32Ext as _};
[INFO] [stdout]    |           ^^^^^^ could not find `cyccnt` in `rtic`
[INFO] [stdout] 
[INFO] [stdout] 
[INFO] [stdout] error: cannot determine resolution for the attribute macro `gen_hid_descriptor`
[INFO] [stdout]   --> examples/Project_Mouse.rs:29:3
[INFO] [stdout]    |
[INFO] [stdout] 29 | #[gen_hid_descriptor(
[INFO] [stdout]    |   ^^^^^^^^^^^^^^^^^^
[INFO] [stdout]    |
[INFO] [stdout]    = note: import resolution is stuck, try simplifying macro imports
[INFO] [stdout] 
[INFO] [stdout] 
[INFO] [stdout] error: this resource has NOT been declared
[INFO] [stdout]    --> examples/rtt-pwm-sine.rs:145:25
[INFO] [stdout]     |
[INFO] [stdout] 145 |     #[task(resources = [GPIOA], schedule = [toggle])]
[INFO] [stdout]     |                         ^^^^^
[INFO] [stdout] 
[INFO] [stdout] 
[INFO] [stdout] error[E0433]: failed to resolve: could not find `cyccnt` in `rtic`
[INFO] [stdout]   --> examples/rtic_bare7.rs:25:62
[INFO] [stdout]    |
[INFO] [stdout] 25 | #[rtic::app(device = stm32f4xx_hal::stm32, monotonic = rtic::cyccnt::CYCCNT, peripherals = true)]
[INFO] [stdout]    |                                                              ^^^^^^ could not find `cyccnt` in `rtic`
[INFO] [stdout] 
[INFO] [stdout] 
[INFO] [stdout] error[E0433]: failed to resolve: could not find `cyccnt` in `rtic`
[INFO] [stdout]    --> examples/rtt_rtic_usb_mouse.rs:207:82
[INFO] [stdout]     |
[INFO] [stdout] 207 | #[rtic::app(device = stm32f4xx_hal::stm32, peripherals = true, monotonic = rtic::cyccnt::CYCCNT)]
[INFO] [stdout]     |                                                                                  ^^^^^^ could not find `cyccnt` in `rtic`
[INFO] [stdout] 
[INFO] [stdout] 
[INFO] [stdout] error[E0433]: failed to resolve: could not find `cyccnt` in `rtic`
[INFO] [stdout]   --> examples/rtic_bare6.rs:23:62
[INFO] [stdout]    |
[INFO] [stdout] 23 | #[rtic::app(device = stm32f4xx_hal::stm32, monotonic = rtic::cyccnt::CYCCNT, peripherals = true)]
[INFO] [stdout]    |                                                              ^^^^^^ could not find `cyccnt` in `rtic`
[INFO] [stdout] 
[INFO] [stdout] 
[INFO] [stdout] error[E0433]: failed to resolve: could not find `cyccnt` in `rtic`
[INFO] [stdout]   --> examples/rtic_blinky.rs:21:62
[INFO] [stdout]    |
[INFO] [stdout] 21 | #[rtic::app(device = stm32f4xx_hal::stm32, monotonic = rtic::cyccnt::CYCCNT, peripherals = true)]
[INFO] [stdout]    |                                                              ^^^^^^ could not find `cyccnt` in `rtic`
[INFO] [stdout] 
[INFO] [stdout] 
[INFO] [stdout] error[E0433]: failed to resolve: could not find `cyccnt` in `rtic`
[INFO] [stdout]   --> examples/rtt_rtic_blinky.rs:12:62
[INFO] [stdout]    |
[INFO] [stdout] 12 | #[rtic::app(device = stm32f4xx_hal::stm32, monotonic = rtic::cyccnt::CYCCNT, peripherals = true)]
[INFO] [stdout]    |                                                              ^^^^^^ could not find `cyccnt` in `rtic`
[INFO] [stdout] 
[INFO] [stdout] 
[INFO] [stdout] error[E0433]: failed to resolve: could not find `cyccnt` in `rtic`
[INFO] [stdout]   --> examples/pmw3389.rs:42:62
[INFO] [stdout]    |
[INFO] [stdout] 42 | #[rtic::app(device = stm32f4xx_hal::stm32, monotonic = rtic::cyccnt::CYCCNT, peripherals = true)]
[INFO] [stdout]    |                                                              ^^^^^^ could not find `cyccnt` in `rtic`
[INFO] [stdout] 
[INFO] [stdout] 
[INFO] [stdout] error[E0433]: failed to resolve: could not find `cyccnt` in `rtic`
[INFO] [stdout]   --> examples/Project_Mouse.rs:96:62
[INFO] [stdout]    |
[INFO] [stdout] 96 | #[rtic::app(device = stm32f4xx_hal::stm32, monotonic = rtic::cyccnt::CYCCNT, peripherals = true)]
[INFO] [stdout]    |                                                              ^^^^^^ could not find `cyccnt` in `rtic`
[INFO] [stdout] 
[INFO] [stdout] 
[INFO] [stdout] error[E0432]: unresolved import `stm32f4xx_hal::dma`
[INFO] [stdout]   --> examples/rtt-pwm-sine.rs:14:25
[INFO] [stdout]    |
[INFO] [stdout] 14 | use stm32f4xx_hal::{bb, dma, gpio::Speed, prelude::*, pwm, stm32};
[INFO] [stdout]    |                         ^^^ no `dma` in the root
[INFO] [stdout] 
[INFO] [stdout] 
[INFO] [stdout] warning: unused import: `core::f32::consts::PI`
[INFO] [stdout]  --> examples/rtt-pwm-sine.rs:9:5
[INFO] [stdout]   |
[INFO] [stdout] 9 | use core::f32::consts::PI;
[INFO] [stdout]   |     ^^^^^^^^^^^^^^^^^^^^^
[INFO] [stdout]   |
[INFO] [stdout]   = note: `#[warn(unused_imports)]` on by default
[INFO] [stdout] 
[INFO] [stdout] 
[INFO] [stdout] warning: unused imports: `asm`, `peripheral::DWT`
[INFO] [stdout]   --> examples/rtt-pwm-sine.rs:10:16
[INFO] [stdout]    |
[INFO] [stdout] 10 | use cortex_m::{asm, peripheral::DWT};
[INFO] [stdout]    |                ^^^  ^^^^^^^^^^^^^^^
[INFO] [stdout] 
[INFO] [stdout] 
[INFO] [stdout] warning: unused imports: `rprint`, `rprintln`, `rtt_init_print`
[INFO] [stdout]   --> examples/rtt-pwm-sine.rs:12:18
[INFO] [stdout]    |
[INFO] [stdout] 12 | use rtt_target::{rprint, rprintln, rtt_init_print};
[INFO] [stdout]    |                  ^^^^^^  ^^^^^^^^  ^^^^^^^^^^^^^^
[INFO] [stdout] 
[INFO] [stdout] 
[INFO] [stdout] warning: unused imports: `bb`, `gpio::Speed`, `prelude::*`, `pwm`, `stm32`
[INFO] [stdout]   --> examples/rtt-pwm-sine.rs:14:21
[INFO] [stdout]    |
[INFO] [stdout] 14 | use stm32f4xx_hal::{bb, dma, gpio::Speed, prelude::*, pwm, stm32};
[INFO] [stdout]    |                     ^^       ^^^^^^^^^^^  ^^^^^^^^^^  ^^^  ^^^^^
[INFO] [stdout] 
[INFO] [stdout] 
[INFO] [stdout] error[E0432]: unresolved import `rtic::cyccnt`
[INFO] [stdout]   --> examples/rtt-pwm-sine-task.rs:13:11
[INFO] [stdout]    |
[INFO] [stdout] 13 | use rtic::cyccnt::{Instant, U32Ext as _};
[INFO] [stdout]    |           ^^^^^^ could not find `cyccnt` in `rtic`
[INFO] [stdout] 
[INFO] [stdout] 
[INFO] [stdout] error[E0432]: unresolved import `stm32f4xx_hal::dma`
[INFO] [stdout]   --> examples/rtt-pwm-sine-task.rs:16:25
[INFO] [stdout]    |
[INFO] [stdout] 16 | use stm32f4xx_hal::{bb, dma, gpio::Speed, prelude::*, pwm, stm32};
[INFO] [stdout]    |                         ^^^ no `dma` in the root
[INFO] [stdout] 
[INFO] [stdout] 
[INFO] [stdout] error[E0152]: duplicate lang item in crate `std`: `panic_impl`.
[INFO] [stdout]   |
[INFO] [stdout]   = note: the lang item is first defined in crate `panic_halt` (which `rtt_rtic_usb_mouse` depends on)
[INFO] [stdout]   = note: first definition in `panic_halt` loaded from /opt/rustwide/target/debug/deps/libpanic_halt-8d13cfabb130199a.rmeta
[INFO] [stdout]   = note: second definition in `std` loaded from /opt/rustwide/rustup-home/toolchains/9610dfe5a9a731ced1ea4923ecbd0c57fe367898/lib/rustlib/x86_64-unknown-linux-gnu/lib/libstd-a8a9ba95b1228749.rlib
[INFO] [stdout] 
[INFO] [stdout] 
[INFO] [stdout] error[E0152]: duplicate lang item in crate `panic_rtt_target`: `panic_impl`.
[INFO] [stdout]   |
[INFO] [stdout]   = note: the lang item is first defined in crate `std`.
[INFO] [stdout]   = note: first definition in `std` loaded from /opt/rustwide/rustup-home/toolchains/9610dfe5a9a731ced1ea4923ecbd0c57fe367898/lib/rustlib/x86_64-unknown-linux-gnu/lib/libstd-a8a9ba95b1228749.rlib
[INFO] [stdout]   = note: second definition in `panic_rtt_target` loaded from /opt/rustwide/target/debug/deps/libpanic_rtt_target-22befc5754561a90.rmeta
[INFO] [stdout] 
[INFO] [stdout] 
[INFO] [stdout] error: aborting due to 4 previous errors
[INFO] [stdout] 
[INFO] [stdout] 
[INFO] [stdout] Some errors have detailed explanations: E0152, E0432, E0433.
[INFO] [stdout] 
[INFO] [stdout] For more information about an error, try `rustc --explain E0152`.
[INFO] [stdout] 
[INFO] [stderr] error: could not compile `app` (example "rtt_rtic_usb_mouse") due to 5 previous errors
[INFO] [stdout] error[E0433]: failed to resolve: could not find `cyccnt` in `rtic`
[INFO] [stdout]   --> examples/rtt-pwm-sine-task.rs:20:63
[INFO] [stdout]    |
[INFO] [stdout] 20 | #[rtic::app(device = stm32f4xx_hal::stm32,  monotonic = rtic::cyccnt::CYCCNT, peripherals = true)]
[INFO] [stdout]    |                                                               ^^^^^^ could not find `cyccnt` in `rtic`
[INFO] [stdout] 
[INFO] [stdout] 
[INFO] [stdout] warning: unused imports: `dwt::Dwt`, `rcc::Clocks`, `stm32`
[INFO] [stdout]   --> examples/pmw3389.rs:11:5
[INFO] [stdout]    |
[INFO] [stdout] 11 |     dwt::Dwt,
[INFO] [stdout]    |     ^^^^^^^^
[INFO] [stdout] ...
[INFO] [stdout] 19 |     rcc::Clocks,
[INFO] [stdout]    |     ^^^^^^^^^^^
[INFO] [stdout] 20 |     spi::Spi,
[INFO] [stdout] 21 |     stm32,
[INFO] [stdout]    |     ^^^^^
[INFO] [stdout]    |
[INFO] [stdout]    = note: `#[warn(unused_imports)]` on by default
[INFO] [stdout] 
[INFO] [stdout] 
[INFO] [stdout] error[E0152]: duplicate lang item in crate `std`: `panic_impl`.
[INFO] [stdout]   |
[INFO] [stdout]   = note: the lang item is first defined in crate `panic_rtt_target` (which `pmw3389` depends on)
[INFO] [stdout]   = note: first definition in `panic_rtt_target` loaded from /opt/rustwide/target/debug/deps/libpanic_rtt_target-22befc5754561a90.rmeta
[INFO] [stdout]   = note: second definition in `std` loaded from /opt/rustwide/rustup-home/toolchains/9610dfe5a9a731ced1ea4923ecbd0c57fe367898/lib/rustlib/x86_64-unknown-linux-gnu/lib/libstd-a8a9ba95b1228749.rlib
[INFO] [stdout] 
[INFO] [stdout] 
[INFO] [stdout] error[E0152]: duplicate lang item in crate `panic_halt`: `panic_impl`.
[INFO] [stdout]   |
[INFO] [stdout]   = note: the lang item is first defined in crate `std`.
[INFO] [stdout]   = note: first definition in `std` loaded from /opt/rustwide/rustup-home/toolchains/9610dfe5a9a731ced1ea4923ecbd0c57fe367898/lib/rustlib/x86_64-unknown-linux-gnu/lib/libstd-a8a9ba95b1228749.rlib
[INFO] [stdout]   = note: second definition in `panic_halt` loaded from /opt/rustwide/target/debug/deps/libpanic_halt-8d13cfabb130199a.rmeta
[INFO] [stdout] 
[INFO] [stdout] 
[INFO] [stdout] error: aborting due to 4 previous errors; 1 warning emitted
[INFO] [stdout] 
[INFO] [stdout] 
[INFO] [stdout] Some errors have detailed explanations: E0152, E0432, E0433.
[INFO] [stdout] 
[INFO] [stdout] For more information about an error, try `rustc --explain E0152`.
[INFO] [stdout] 
[INFO] [stdout] error[E0152]: duplicate lang item in crate `panic_rtt_target`: `panic_impl`.
[INFO] [stdout]   |
[INFO] [stdout]   = note: the lang item is first defined in crate `panic_halt` (which `rtt_pwm_sine` depends on)
[INFO] [stdout]   = note: first definition in `panic_halt` loaded from /opt/rustwide/target/debug/deps/libpanic_halt-8d13cfabb130199a.rmeta
[INFO] [stdout]   = note: second definition in `panic_rtt_target` loaded from /opt/rustwide/target/debug/deps/libpanic_rtt_target-22befc5754561a90.rmeta
[INFO] [stdout] 
[INFO] [stdout] 
[INFO] [stdout] error[E0152]: duplicate lang item in crate `std`: `panic_impl`.
[INFO] [stdout]   |
[INFO] [stdout]   = note: the lang item is first defined in crate `panic_rtt_target`.
[INFO] [stdout]   = note: first definition in `panic_rtt_target` loaded from /opt/rustwide/target/debug/deps/libpanic_rtt_target-22befc5754561a90.rmeta
[INFO] [stdout]   = note: second definition in `std` loaded from /opt/rustwide/rustup-home/toolchains/9610dfe5a9a731ced1ea4923ecbd0c57fe367898/lib/rustlib/x86_64-unknown-linux-gnu/lib/libstd-a8a9ba95b1228749.rlib
[INFO] [stdout] 
[INFO] [stdout] 
[INFO] [stderr] error: could not compile `app` (example "pmw3389") due to 5 previous errors; 1 warning emitted
[INFO] [stdout] error: aborting due to 4 previous errors; 4 warnings emitted
[INFO] [stdout] 
[INFO] [stdout] 
[INFO] [stdout] Some errors have detailed explanations: E0152, E0432.
[INFO] [stdout] 
[INFO] [stdout] For more information about an error, try `rustc --explain E0152`.
[INFO] [stdout] 
[INFO] [stderr] error: could not compile `app` (example "rtt-pwm-sine") due to 5 previous errors; 4 warnings emitted
[INFO] [stdout] error[E0152]: duplicate lang item in crate `std`: `panic_impl`.
[INFO] [stdout]   |
[INFO] [stdout]   = note: the lang item is first defined in crate `panic_rtt_target` (which `rtic_bare6` depends on)
[INFO] [stdout]   = note: first definition in `panic_rtt_target` loaded from /opt/rustwide/target/debug/deps/libpanic_rtt_target-22befc5754561a90.rmeta
[INFO] [stdout]   = note: second definition in `std` loaded from /opt/rustwide/rustup-home/toolchains/9610dfe5a9a731ced1ea4923ecbd0c57fe367898/lib/rustlib/x86_64-unknown-linux-gnu/lib/libstd-a8a9ba95b1228749.rlib
[INFO] [stdout] 
[INFO] [stdout] 
[INFO] [stdout] error[E0152]: duplicate lang item in crate `panic_halt`: `panic_impl`.
[INFO] [stdout]   |
[INFO] [stdout]   = note: the lang item is first defined in crate `std`.
[INFO] [stdout]   = note: first definition in `std` loaded from /opt/rustwide/rustup-home/toolchains/9610dfe5a9a731ced1ea4923ecbd0c57fe367898/lib/rustlib/x86_64-unknown-linux-gnu/lib/libstd-a8a9ba95b1228749.rlib
[INFO] [stdout]   = note: second definition in `panic_halt` loaded from /opt/rustwide/target/debug/deps/libpanic_halt-8d13cfabb130199a.rmeta
[INFO] [stdout] 
[INFO] [stdout] 
[INFO] [stdout] error: aborting due to 4 previous errors
[INFO] [stdout] 
[INFO] [stdout] 
[INFO] [stdout] Some errors have detailed explanations: E0152, E0432, E0433.
[INFO] [stdout] 
[INFO] [stdout] For more information about an error, try `rustc --explain E0152`.
[INFO] [stdout] 
[INFO] [stderr] error: could not compile `app` (example "rtic_bare6") due to 5 previous errors
[INFO] [stdout] warning: unused import: `asm::delay`
[INFO] [stdout]   --> examples/Project_Mouse.rs:13:16
[INFO] [stdout]    |
[INFO] [stdout] 13 | use cortex_m::{asm::delay, peripheral::DWT};
[INFO] [stdout]    |                ^^^^^^^^^^
[INFO] [stdout]    |
[INFO] [stdout]    = note: `#[warn(unused_imports)]` on by default
[INFO] [stdout] 
[INFO] [stdout] 
[INFO] [stdout] warning: unused import: `gpio`
[INFO] [stdout]   --> examples/Project_Mouse.rs:16:5
[INFO] [stdout]    |
[INFO] [stdout] 16 |     gpio,
[INFO] [stdout]    |     ^^^^
[INFO] [stdout] 
[INFO] [stdout] 
[INFO] [stdout] warning: unused imports: `Register`, `pmw3389e`
[INFO] [stdout]   --> examples/Project_Mouse.rs:25:37
[INFO] [stdout]    |
[INFO] [stdout] 25 | use app::{DwtDelay, pmw3389::{self, Register}, pmw3389e};
[INFO] [stdout]    |                                     ^^^^^^^^   ^^^^^^^^
[INFO] [stdout] 
[INFO] [stdout] 
[INFO] [stdout] warning: unused imports: `dwt::Dwt`, `prelude::*`, `rcc::Clocks`, `stm32`
[INFO] [stdout]   --> examples/Project_Mouse.rs:58:5
[INFO] [stdout]    |
[INFO] [stdout] 58 |     dwt::Dwt,
[INFO] [stdout]    |     ^^^^^^^^
[INFO] [stdout] ...
[INFO] [stdout] 65 |     prelude::*,
[INFO] [stdout]    |     ^^^^^^^^^^
[INFO] [stdout] 66 |     rcc::Clocks,
[INFO] [stdout]    |     ^^^^^^^^^^^
[INFO] [stdout] 67 |     spi::Spi,
[INFO] [stdout] 68 |     stm32,
[INFO] [stdout]    |     ^^^^^
[INFO] [stdout] 
[INFO] [stdout] 
[INFO] [stdout] warning: unused import: `stm32f4xx_hal::nb::block`
[INFO] [stdout]   --> examples/Project_Mouse.rs:83:5
[INFO] [stdout]    |
[INFO] [stdout] 83 | use stm32f4xx_hal::nb::block;
[INFO] [stdout]    |     ^^^^^^^^^^^^^^^^^^^^^^^^
[INFO] [stdout] 
[INFO] [stdout] 
[INFO] [stdout] warning: unused import: `prelude::*`
[INFO] [stdout]   --> examples/Project_Mouse.rs:91:5
[INFO] [stdout]    |
[INFO] [stdout] 91 |     prelude::*,
[INFO] [stdout]    |     ^^^^^^^^^^
[INFO] [stdout] 
[INFO] [stdout] 
[INFO] [stdout] warning: unnecessary parentheses around `if` condition
[INFO] [stdout]    --> examples/Project_Mouse.rs:227:16
[INFO] [stdout]     |
[INFO] [stdout] 227 |             if (cx.resources.scl_plus.is_high().unwrap() && !*cx.resources.Scale_modify){
[INFO] [stdout]     |                ^                                                                       ^
[INFO] [stdout]     |
[INFO] [stdout]     = note: `#[warn(unused_parens)]` on by default
[INFO] [stdout] help: remove these parentheses
[INFO] [stdout]     |
[INFO] [stdout] 227 -             if (cx.resources.scl_plus.is_high().unwrap() && !*cx.resources.Scale_modify){
[INFO] [stdout] 227 +             if cx.resources.scl_plus.is_high().unwrap() && !*cx.resources.Scale_modify {
[INFO] [stdout]     |
[INFO] [stdout] 
[INFO] [stdout] 
[INFO] [stdout] warning: unnecessary parentheses around `if` condition
[INFO] [stdout]    --> examples/Project_Mouse.rs:238:16
[INFO] [stdout]     |
[INFO] [stdout] 238 |             if (cx.resources.scl_minus.is_high().unwrap() && !*cx.resources.Scale_modify){
[INFO] [stdout]     |                ^                                                                        ^
[INFO] [stdout]     |
[INFO] [stdout] help: remove these parentheses
[INFO] [stdout]     |
[INFO] [stdout] 238 -             if (cx.resources.scl_minus.is_high().unwrap() && !*cx.resources.Scale_modify){
[INFO] [stdout] 238 +             if cx.resources.scl_minus.is_high().unwrap() && !*cx.resources.Scale_modify {
[INFO] [stdout]     |
[INFO] [stdout] 
[INFO] [stdout] 
[INFO] [stdout] error[E0152]: duplicate lang item in crate `std`: `panic_impl`.
[INFO] [stdout]   |
[INFO] [stdout]   = note: the lang item is first defined in crate `panic_rtt_target` (which `Project_Mouse` depends on)
[INFO] [stdout]   = note: first definition in `panic_rtt_target` loaded from /opt/rustwide/target/debug/deps/libpanic_rtt_target-22befc5754561a90.rmeta
[INFO] [stdout]   = note: second definition in `std` loaded from /opt/rustwide/rustup-home/toolchains/9610dfe5a9a731ced1ea4923ecbd0c57fe367898/lib/rustlib/x86_64-unknown-linux-gnu/lib/libstd-a8a9ba95b1228749.rlib
[INFO] [stdout] 
[INFO] [stdout] 
[INFO] [stdout] error[E0152]: duplicate lang item in crate `panic_halt`: `panic_impl`.
[INFO] [stdout]   |
[INFO] [stdout]   = note: the lang item is first defined in crate `std`.
[INFO] [stdout]   = note: first definition in `std` loaded from /opt/rustwide/rustup-home/toolchains/9610dfe5a9a731ced1ea4923ecbd0c57fe367898/lib/rustlib/x86_64-unknown-linux-gnu/lib/libstd-a8a9ba95b1228749.rlib
[INFO] [stdout]   = note: second definition in `panic_halt` loaded from /opt/rustwide/target/debug/deps/libpanic_halt-8d13cfabb130199a.rmeta
[INFO] [stdout] 
[INFO] [stdout] 
[INFO] [stdout] error: aborting due to 9 previous errors; 8 warnings emitted
[INFO] [stdout] 
[INFO] [stdout] 
[INFO] [stdout] Some errors have detailed explanations: E0152, E0432, E0433.
[INFO] [stdout] 
[INFO] [stdout] For more information about an error, try `rustc --explain E0152`.
[INFO] [stdout] 
[INFO] [stdout] warning: unused import: `stm32f4xx_hal::stm32`
[INFO] [stdout]   --> examples/rtic_bare7.rs:14:5
[INFO] [stdout]    |
[INFO] [stdout] 14 | use stm32f4xx_hal::stm32;
[INFO] [stdout]    |     ^^^^^^^^^^^^^^^^^^^^
[INFO] [stdout]    |
[INFO] [stdout]    = note: `#[warn(unused_imports)]` on by default
[INFO] [stdout] 
[INFO] [stdout] 
[INFO] [stderr] error: could not compile `app` (example "Project_Mouse") due to 10 previous errors; 8 warnings emitted
[INFO] [stdout] error[E0152]: duplicate lang item in crate `std`: `panic_impl`.
[INFO] [stdout]   |
[INFO] [stdout]   = note: the lang item is first defined in crate `panic_rtt_target` (which `rtic_bare7` depends on)
[INFO] [stdout]   = note: first definition in `panic_rtt_target` loaded from /opt/rustwide/target/debug/deps/libpanic_rtt_target-22befc5754561a90.rmeta
[INFO] [stdout]   = note: second definition in `std` loaded from /opt/rustwide/rustup-home/toolchains/9610dfe5a9a731ced1ea4923ecbd0c57fe367898/lib/rustlib/x86_64-unknown-linux-gnu/lib/libstd-a8a9ba95b1228749.rlib
[INFO] [stdout] 
[INFO] [stdout] 
[INFO] [stdout] error[E0152]: duplicate lang item in crate `panic_halt`: `panic_impl`.
[INFO] [stdout]   |
[INFO] [stdout]   = note: the lang item is first defined in crate `std`.
[INFO] [stdout]   = note: first definition in `std` loaded from /opt/rustwide/rustup-home/toolchains/9610dfe5a9a731ced1ea4923ecbd0c57fe367898/lib/rustlib/x86_64-unknown-linux-gnu/lib/libstd-a8a9ba95b1228749.rlib
[INFO] [stdout]   = note: second definition in `panic_halt` loaded from /opt/rustwide/target/debug/deps/libpanic_halt-8d13cfabb130199a.rmeta
[INFO] [stdout] 
[INFO] [stdout] 
[INFO] [stdout] error: aborting due to 4 previous errors; 1 warning emitted
[INFO] [stdout] 
[INFO] [stdout] 
[INFO] [stdout] Some errors have detailed explanations: E0152, E0432, E0433.
[INFO] [stdout] 
[INFO] [stdout] For more information about an error, try `rustc --explain E0152`.
[INFO] [stdout] 
[INFO] [stderr] error: could not compile `app` (example "rtic_bare7") due to 5 previous errors; 1 warning emitted
[INFO] [stdout] error[E0152]: duplicate lang item in crate `std`: `panic_impl`.
[INFO] [stdout]   |
[INFO] [stdout]   = note: the lang item is first defined in crate `panic_rtt_target` (which `rtt_rtic_blinky` depends on)
[INFO] [stdout]   = note: first definition in `panic_rtt_target` loaded from /opt/rustwide/target/debug/deps/libpanic_rtt_target-22befc5754561a90.rmeta
[INFO] [stdout]   = note: second definition in `std` loaded from /opt/rustwide/rustup-home/toolchains/9610dfe5a9a731ced1ea4923ecbd0c57fe367898/lib/rustlib/x86_64-unknown-linux-gnu/lib/libstd-a8a9ba95b1228749.rlib
[INFO] [stdout] 
[INFO] [stdout] 
[INFO] [stdout] error[E0152]: duplicate lang item in crate `panic_halt`: `panic_impl`.
[INFO] [stdout]   |
[INFO] [stdout]   = note: the lang item is first defined in crate `std`.
[INFO] [stdout]   = note: first definition in `std` loaded from /opt/rustwide/rustup-home/toolchains/9610dfe5a9a731ced1ea4923ecbd0c57fe367898/lib/rustlib/x86_64-unknown-linux-gnu/lib/libstd-a8a9ba95b1228749.rlib
[INFO] [stdout]   = note: second definition in `panic_halt` loaded from /opt/rustwide/target/debug/deps/libpanic_halt-8d13cfabb130199a.rmeta
[INFO] [stdout] 
[INFO] [stdout] 
[INFO] [stdout] error: aborting due to 4 previous errors
[INFO] [stdout] 
[INFO] [stdout] 
[INFO] [stdout] Some errors have detailed explanations: E0152, E0432, E0433.
[INFO] [stdout] 
[INFO] [stdout] For more information about an error, try `rustc --explain E0152`.
[INFO] [stdout] 
[INFO] [stdout] error[E0152]: duplicate lang item in crate `panic_rtt_target`: `panic_impl`.
[INFO] [stdout]   |
[INFO] [stdout]   = note: the lang item is first defined in crate `std` (which `panic_semihosting` depends on)
[INFO] [stdout]   = note: first definition in `std` loaded from /opt/rustwide/rustup-home/toolchains/9610dfe5a9a731ced1ea4923ecbd0c57fe367898/lib/rustlib/x86_64-unknown-linux-gnu/lib/libstd-a8a9ba95b1228749.rlib
[INFO] [stdout]   = note: second definition in `panic_rtt_target` loaded from /opt/rustwide/target/debug/deps/libpanic_rtt_target-22befc5754561a90.rmeta
[INFO] [stdout] 
[INFO] [stdout] 
[INFO] [stdout] error[E0152]: duplicate lang item in crate `panic_halt`: `panic_impl`.
[INFO] [stdout]   |
[INFO] [stdout]   = note: the lang item is first defined in crate `panic_rtt_target`.
[INFO] [stdout]   = note: first definition in `panic_rtt_target` loaded from /opt/rustwide/target/debug/deps/libpanic_rtt_target-22befc5754561a90.rmeta
[INFO] [stdout]   = note: second definition in `panic_halt` loaded from /opt/rustwide/target/debug/deps/libpanic_halt-8d13cfabb130199a.rmeta
[INFO] [stdout] 
[INFO] [stdout] 
[INFO] [stdout] warning: unused import: `core::f32::consts::PI`
[INFO] [stdout]  --> examples/rtt-pwm-sine-task.rs:9:5
[INFO] [stdout]   |
[INFO] [stdout] 9 | use core::f32::consts::PI;
[INFO] [stdout]   |     ^^^^^^^^^^^^^^^^^^^^^
[INFO] [stdout]   |
[INFO] [stdout]   = note: `#[warn(unused_imports)]` on by default
[INFO] [stdout] 
[INFO] [stdout] 
[INFO] [stdout] warning: unused imports: `asm`, `peripheral::DWT`
[INFO] [stdout]   --> examples/rtt-pwm-sine-task.rs:10:16
[INFO] [stdout]    |
[INFO] [stdout] 10 | use cortex_m::{asm, peripheral::DWT};
[INFO] [stdout]    |                ^^^  ^^^^^^^^^^^^^^^
[INFO] [stdout] 
[INFO] [stdout] 
[INFO] [stdout] error: aborting due to 4 previous errors
[INFO] [stdout] 
[INFO] [stdout] 
[INFO] [stdout] Some errors have detailed explanations: E0152, E0432, E0433.
[INFO] [stdout] 
[INFO] [stdout] For more information about an error, try `rustc --explain E0152`.
[INFO] [stdout] 
[INFO] [stdout] warning: unused imports: `bb`, `pwm`
[INFO] [stdout]   --> examples/rtt-pwm-sine-task.rs:16:21
[INFO] [stdout]    |
[INFO] [stdout] 16 | use stm32f4xx_hal::{bb, dma, gpio::Speed, prelude::*, pwm, stm32};
[INFO] [stdout]    |                     ^^                                ^^^
[INFO] [stdout] 
[INFO] [stdout] 
[INFO] [stderr] error: could not compile `app` (example "rtt_rtic_blinky") due to 5 previous errors
[INFO] [stderr] error: could not compile `app` (example "rtic_blinky") due to 5 previous errors
[INFO] [stdout] error[E0152]: duplicate lang item in crate `std`: `panic_impl`.
[INFO] [stdout]   |
[INFO] [stdout]   = note: the lang item is first defined in crate `panic_rtt_target` (which `rtt_pwm_sine_task` depends on)
[INFO] [stdout]   = note: first definition in `panic_rtt_target` loaded from /opt/rustwide/target/debug/deps/libpanic_rtt_target-22befc5754561a90.rmeta
[INFO] [stdout]   = note: second definition in `std` loaded from /opt/rustwide/rustup-home/toolchains/9610dfe5a9a731ced1ea4923ecbd0c57fe367898/lib/rustlib/x86_64-unknown-linux-gnu/lib/libstd-a8a9ba95b1228749.rlib
[INFO] [stdout] 
[INFO] [stdout] 
[INFO] [stdout] error[E0152]: duplicate lang item in crate `panic_halt`: `panic_impl`.
[INFO] [stdout]   |
[INFO] [stdout]   = note: the lang item is first defined in crate `std`.
[INFO] [stdout]   = note: first definition in `std` loaded from /opt/rustwide/rustup-home/toolchains/9610dfe5a9a731ced1ea4923ecbd0c57fe367898/lib/rustlib/x86_64-unknown-linux-gnu/lib/libstd-a8a9ba95b1228749.rlib
[INFO] [stdout]   = note: second definition in `panic_halt` loaded from /opt/rustwide/target/debug/deps/libpanic_halt-8d13cfabb130199a.rmeta
[INFO] [stdout] 
[INFO] [stdout] 
[INFO] [stdout] error: aborting due to 5 previous errors; 3 warnings emitted
[INFO] [stdout] 
[INFO] [stdout] 
[INFO] [stdout] Some errors have detailed explanations: E0152, E0432, E0433.
[INFO] [stdout] 
[INFO] [stdout] For more information about an error, try `rustc --explain E0152`.
[INFO] [stdout] 
[INFO] [stderr] error: could not compile `app` (example "rtt-pwm-sine-task") due to 6 previous errors; 3 warnings emitted
[INFO] running `Command { std: "docker" "inspect" "a5a3c6ba1f4c103124e3b624c580a5666eb8eca76f590ede9660abd960ecdf14", kill_on_drop: false }`
[INFO] running `Command { std: "docker" "rm" "-f" "a5a3c6ba1f4c103124e3b624c580a5666eb8eca76f590ede9660abd960ecdf14", kill_on_drop: false }`
[INFO] [stdout] a5a3c6ba1f4c103124e3b624c580a5666eb8eca76f590ede9660abd960ecdf14
